1320309117?
3, 1321, 111053
What are the prime factors of 19327128?
2, 3, 805297
List the prime factors of 24073906.
2, 12036953
List the prime factors of 156711207.
3, 47, 1111427
List the prime factors of 298952395.
5, 7, 17, 502441
What are the prime factors of 71491099?
521, 137219
What are the prime factors of 96350172?
2, 3, 1289, 6229
What are the prime factors of 166129491?
3, 11, 17, 26921
What are the prime factors of 31367281?
11, 2851571
List the prime factors of 409207752.
2, 3, 523, 10867
What are the prime factors of 221770196?
2, 911, 60859
List the prime factors of 2658297.
3, 233, 3803
List the prime factors of 729931057.
17, 349, 7237
What are the prime factors of 922748726?
2, 101, 127, 35969
What are the prime factors of 248816643?
3, 82938881
What are the prime factors of 1156412398?
2, 277, 2087387
What are the prime factors of 610888529?
197, 3100957
List the prime factors of 3102259335.
3, 5, 7, 53, 97, 821
List the prime factors of 3195207.
3, 487
List the prime factors of 1516827743.
37189, 40787
List the prime factors of 269174126.
2, 13, 10352851
List the prime factors of 4426951027.
7559, 585653
List the prime factors of 39584469.
3, 73, 180751
What are the prime factors of 143348850?
2, 3, 5, 157, 2029
What are the prime factors of 139538283?
3, 97, 479513
List the prime factors of 1219871164.
2, 71, 4295321
What are the prime factors of 243536820?
2, 3, 5, 4058947
What are the prime factors of 202896578?
2, 149, 680861
What are the prime factors of 1351179327?
3, 83, 691, 7853
List the prime factors of 32667983.
857, 38119
What are the prime factors of 101160518?
2, 4363, 11593
What are the prime factors of 72447546?
2, 3, 83, 145477
What are the prime factors of 278762165?
5, 11, 79, 64157
List the prime factors of 1095898733.
23, 61, 781111
What are the prime factors of 105518137?
59, 1788443
What are the prime factors of 859243980?
2, 3, 5, 7, 2045819
List the prime factors of 1536936877.
7, 53, 709, 5843
What are the prime factors of 36129553?
36129553
What are the prime factors of 9432261?
3, 349343
What are the prime factors of 863311282?
2, 881, 489961
What are the prime factors of 738059162?
2, 509, 725009
What are the prime factors of 832696498?
2, 79, 5270231
List the prime factors of 15541987.
15541987
List the prime factors of 87390226.
2, 7, 11, 37, 313
What are the prime factors of 554773870?
2, 5, 7, 41, 193301
List the prime factors of 198444518.
2, 7927, 12517
List the prime factors of 243757133.
243757133
List the prime factors of 85171754.
2, 89, 478493
What are the prime factors of 1376326728?
2, 3, 7, 101141
List the prime factors of 6290758.
2, 557, 5647
What are the prime factors of 2287121225?
5, 71, 1288519
What are the prime factors of 1909351900?
2, 5, 23, 830153
What are the prime factors of 55367248?
2, 3460453
List the prime factors of 267360759.
3, 109, 272539
What are the prime factors of 827155784?
2, 7, 13, 1136203
List the prime factors of 69106978.
2, 34553489
List the prime factors of 42942843.
3, 31, 149, 1033
List the prime factors of 3784851775.
5, 19, 67, 118927
List the prime factors of 119780794.
2, 7, 1222253
List the prime factors of 92453089.
17, 47, 251, 461
List the prime factors of 145276721.
71, 2046151
What are the prime factors of 95993186?
2, 17, 2823329
What are the prime factors of 2752636703?
29, 383, 247829
List the prime factors of 5179165.
5, 47, 22039
List the prime factors of 84917122.
2, 31, 461, 2971
What are the prime factors of 362345071?
11, 257, 128173
List the prime factors of 4579583382.
2, 3, 11, 23129209
What are the prime factors of 6074311?
29, 209459
What are the prime factors of 2704988817?
3, 41, 2443531
List the prime factors of 712908590.
2, 5, 2411, 29569
What are the prime factors of 624447855?
3, 5, 53, 261823
List the prime factors of 5653069.
593, 9533
List the prime factors of 13953069.
3, 13, 31, 3847
List the prime factors of 297678232.
2, 73, 509723
What are the prime factors of 129587065?
5, 3391, 7643
List the prime factors of 199738944.
2, 3, 19, 18251
List the prime factors of 258637167.
3, 17, 29, 71, 821
What are the prime factors of 112279595?
5, 173, 129803
List the prime factors of 185185554.
2, 3, 103, 299653
What are the prime factors of 83846429?
103, 814043
List the prime factors of 2425725787.
101, 691, 34757
List the prime factors of 52665987.
3, 11, 149, 10711
List the prime factors of 16086644.
2, 7, 31, 43, 431
List the prime factors of 505621137.
3, 7, 24077197
What are the prime factors of 684940789?
13, 52687753
What are the prime factors of 2065368420?
2, 3, 5, 17, 674957
What are the prime factors of 251715867?
3, 13, 496481
What are the prime factors of 54535811?
11, 4957801
List the prime factors of 494347817.
3203, 154339
List the prime factors of 213332858.
2, 2089, 51061
What are the prime factors of 52196528?
2, 17, 191899
What are the prime factors of 3978601675?
5, 37, 179, 24029
What are the prime factors of 37226176?
2, 13, 101, 443
What are the prime factors of 451140838?
2, 225570419
List the prime factors of 559790882.
2, 7, 19, 23, 91499
What are the prime factors of 630925325?
5, 25237013
List the prime factors of 3809237659.
61, 62446519
List the prime factors of 10150173.
3, 11, 17, 37, 163
What are the prime factors of 43163067?
3, 31, 464119
What are the prime factors of 3793035475?
5, 139, 1091521
List the prime factors of 246292647.
3, 82097549
What are the prime factors of 53706362?
2, 26853181
List the prime factors of 298535758.
2, 37, 151, 26717
List the prime factors of 3501056706.
2, 3, 7, 151, 173, 3191
List the prime factors of 192093723.
3, 23, 127, 7307
List the prime factors of 111009792.
2, 3, 4517
What are the prime factors of 44236819?
11, 4021529
What are the prime factors of 250954556?
2, 103, 609113
List the prime factors of 866424824.
2, 6569, 16487
List the prime factors of 793472798.
2, 541, 733339
What are the prime factors of 160087390?
2, 5, 2273, 7043
What are the prime factors of 111257114?
2, 55628557
List the prime factors of 49898653.
7, 113, 199, 317
List the prime factors of 587315111.
1607, 365473
What are the prime factors of 32651231?
433, 75407
List the prime factors of 2254018941.
3, 137, 609359
What are the prime factors of 3523383?
3, 391487
What are the prime factors of 3415125948?
2, 3, 13, 97, 225689
List the prime factors of 129887971.
19, 61, 112069
List the prime factors of 82127890.
2, 5, 13, 631753
List the prime factors of 318673949.
11, 733, 3593
What are the prime factors of 53241495?
3, 5, 359, 9887
List the prime factors of 5605423899.
3, 89, 20994097
List the prime factors of 2238087364.
2, 83, 6741227
List the prime factors of 1259795261.
23, 271, 359, 563
What are the prime factors of 1003518192?
2, 3, 20906629
What are the prime factors of 643384890?
2, 3, 5, 17, 140171
What are the prime factors of 59393437?
317, 187361
List the prime factors of 594609525.
3, 5, 880903
List the prime factors of 280444342.
2, 17, 8248363
List the prime factors of 26905847.
26905847
What are the prime factors of 4126065988?
2, 11, 17, 89, 61979
List the prime factors of 989251647.
3, 37, 8912177
List the prime factors of 11826342.
2, 3, 11, 59729
List the prime factors of 27903438.
2, 3, 19, 83, 983
What are the prime factors of 25971393?
3, 7, 17, 23, 3163
List the prime factors of 2883751822.
2, 7, 23, 29, 157, 281
List the prime factors of 32968505.
5, 29, 271, 839
What are the prime factors of 59283385?
5, 7, 241973
List the prime factors of 63627966.
2, 3, 83, 42589
What are the prime factors of 356603956?
2, 89150989
What are the prime factors of 277938802?
2, 19, 439, 16661
List the prime factors of 3365127594.
2, 3, 17, 10997149
What are the prime factors of 1384550272?
2, 7, 31, 7121
List the prime factors of 258698864.
2, 2423, 6673
What are the prime factors of 483017651?
17, 28412803
What are the prime factors of 38728469?
13, 167, 17839
List the prime factors of 1263477495.
3, 5, 7, 211, 8147
List the prime factors of 5506106260.
2, 5, 2683, 102611
What are the prime factors of 2343312044?
2, 585828011
What are the prime factors of 17013641?
491, 34651
List the prime factors of 309759480.
2, 3, 5, 593, 1451
List the prime factors 